 number?
False
Is 1890843221 prime?
True
Is 6329286713 composite?
False
Is 121032869309 a prime number?
False
Is 556344127 prime?
False
Is 4885757369 composite?
True
Is 2838557177 prime?
False
Is 841240027 a composite number?
False
Is 16426806637 a prime number?
False
Is 2899014079 a prime number?
False
Is 1292305037 a composite number?
True
Is 47884027231 a composite number?
True
Is 4041909217 a composite number?
False
Is 26546803817 prime?
True
Is 344008649 composite?
True
Is 5167067849 a composite number?
False
Is 96269940847 prime?
False
Is 6569076953 a composite number?
True
Is 153097297 composite?
True
Is 19539057749 a prime number?
False
Is 8373163619 composite?
False
Is 4225503497 a prime number?
False
Is 1674731209 composite?
False
Is 1415576329 composite?
True
Is 4947691091 a composite number?
True
Is 486335693 prime?
False
Is 2280538609 a composite number?
True
Is 9527656849 composite?
False
Is 138226699 a prime number?
False
Is 19027895441 a composite number?
False
Is 1707711917 a prime number?
True
Is 37228908911 a composite number?
False
Is 374332619 a composite number?
False
Is 703840967 composite?
True
Is 1274766821 composite?
False
Is 16473486963 a composite number?
True
Is 28217082451 a composite number?
False
Is 2035147237 a prime number?
False
Is 12558647833 a prime number?
True
Is 24222101201 composite?
True
Is 255674429 composite?
True
Is 23228707351 prime?
False
Is 8953828627 a composite number?
True
Is 18665309401 composite?
False
Is 12611219857 composite?
False
Is 1630533791 prime?
False
Is 6491471177 a composite number?
False
Is 6072129013 a prime number?
True
Is 18765793 composite?
True
Is 152325757 composite?
True
Is 79907451131 composite?
True
Is 584317397 prime?
False
Is 10022148655 prime?
False
Is 1364807887 a prime number?
True
Is 810198517 composite?
False
Is 34671287867 a composite number?
True
Is 7312378961 prime?
False
Is 48850031 composite?
True
Is 1634637911 a composite number?
True
Is 9902816513 composite?
False
Is 3778790179 prime?
True
Is 11323429441 prime?
True
Is 50631827557 prime?
False
Is 861275903 composite?
False
Is 18220091431 composite?
True
Is 6945826931 a composite number?
False
Is 1446178127 prime?
True
Is 635510159 a composite number?
True
Is 1163571629 a prime number?
False
Is 27435281 a prime number?
True
Is 34099093753 composite?
True
Is 590904149977 composite?
False
Is 70651327 prime?
False
Is 84738590593 composite?
True
Is 1820753857 composite?
True
Is 3426037913 a composite number?
False
Is 3251032471 prime?
False
Is 83512798939 prime?
False
Is 2102946817 a composite number?
False
Is 103613148467 a prime number?
True
Is 5195565191 prime?
False
Is 2918522731 a prime number?
True
Is 383976079 a prime number?
True
Is 316547687 composite?
False
Is 15374341691 composite?
True
Is 841777817 a composite number?
False
Is 1191862741 a composite number?
True
Is 40183091843 a prime number?
True
Is 513383191 a composite number?
False
Is 7897606793 prime?
True
Is 46734103457 composite?
True
Is 99343320821 prime?
False
Is 108717593 a prime number?
True
Is 232478263 a composite number?
False
Is 381949307 prime?
False
Is 9607433 composite?
True
Is 1255041581 prime?
False
Is 8776976591 prime?
False
Is 8873181389 a composite number?
False
Is 218471719 a composite number?
False
Is 713377979 a prime number?
False
Is 4729479583 a prime number?
True
Is 200628431681 composite?
False
Is 4189579255 prime?
False
Is 288883187 a composite number?
True
Is 28300671871 prime?
True
Is 2477042479 composite?
True
Is 1376987903 a composite number?
False
Is 1629549293 a prime number?
False
Is 6218754137 a composite number?
True
Is 15489873109 a composite number?
False
Is 33698927 a prime number?
True
Is 724133069 prime?
False
Is 108490139 composite?
True
Is 8980617049 prime?
True
Is 1155708167 prime?
True
Is 139313042083 a composite number?
False
Is 76640093 composite?
False
Is 3314295259 prime?
False
Is 2357299909 a composite number?
True
Is 538410673 a prime number?
True
Is 18325216727 prime?
True
Is 315544321 composite?
False
Is 1060306633 a composite number?
False
Is 551621951 a prime number?
True
Is 94627639 prime?
False
Is 49665925121 prime?
False
Is 10175808023 a composite number?
False
Is 24722288497 a prime number?
True
Is 448547591 prime?
True
Is 7334881 a composite number?
False
Is 1737167609 a composite number?
True
Is 220764984535 a composite number?
True
Is 14039009735 a composite number?
True
Is 1748216641 a composite number?
True
Is 72323917 a prime number?
True
Is 61826085317 a prime number?
True
Is 1248190907 composite?
True
Is 248835121 composite?
False
Is 14153613629 a prime number?
True
Is 59601139529 a composite number?
False
Is 427139177 a prime number?
False
Is 7252437679 composite?
False
Is 4099219099 prime?
False
Is 42198623 prime?
True
Is 6268038793 a composite number?
False
Is 550544789 prime?
False
Is 514877567 composite?
True
Is 1089759023 a composite number?
True
Is 214405901 a composite number?
True
Is 632283259 a prime number?
False
Is 548832745 prime?
False
Is 384938458 a composite number?
True
Is 124457579 composite?
False
Is 18659287297 prime?
False
Is 2209302431 a composite number?
True
Is 32102206739 composite?
False
Is 5813568029 a composite number?
False
Is 7281584183 a prime number?
False
Is 1493282591 a composite number?
False
Is 8532207161 a composite number?
False
Is 1824847441 a prime number?
True
Is 1639650953 prime?
True
Is 3350026523 a composite number?
True
Is 121061 composite?
False
Is 35762087939 composite?
False
Is 4576792007 a prime number?
False
Is 40208412703 composite?
True
Is 1455221773 prime?
True
Is 3135801437 a composite number?
False
Is 1849708787 composite?
False
Is 3305814433 prime?
True
Is 80910119671 a prime number?
True
Is 1832260663 a composite number?
True
Is 2118464917 a prime number?
True
Is 3929327353 prime?
False
Is 170982829 prime?
True
Is 41583524293 a prime number?
True
Is 65260627643 a composite number?
False
Is 42295117351 a composite number?
False
Is 2295941071 a prime number?
False
Is 63583533007 composite?
True
Is 214997771 composite?
True
Is 14543216789 a prime number?
True
Is 71339540659 a prime number?
True
Is 38200177973 a composite number?
False
Is 92801723 composite?
True
Is 4329721883 composite?
False
Is 6915649699 composite?
True
Is 25520183201 prime?
True
Is 6322646903 composite?
True
Is 410873657 composite?
False
Is 68481293 a prime number?
False
Is 4494374321 a composite number?
False
Is 66839411 prime?
True
Is 94631314261 composite?
True
Is 10025586091 a prime number?
True
Is 1771420571 composite?
True
Is 3268082531 prime?
False
Is 8376895 a prime number?
False
Is 1077396731 prime?
True
Is 846489067 a composite number?
False
Is 10035925541 a composite number?
False
Is 125389073 composite?
True
Is 2794838419 composite?
False
Is 52101683 a composite number?
False
Is 697486987 prime?
False
Is 26995643911 prime?
True
Is 2586638141 a composite number?
False
Is 5986684469 composite?
False
Is 66948247 composite?
True
Is 5396515871 a prime number?
False
Is 6251324093 prime?
False
Is 23282756149 composite?
True
Is 81710197 a composite number?
True
Is 445458551 a composite number?
False
Is 3360946181 a composite number?
False
Is 3611964383 prime?
False
Is 5019746257 a prime number?
True
Is 138340439 composite?
False
Is 38028616063 composite?
False
Is 623965759 a composite number?
False
Is 12749807261 a composite number?
True
Is 86495792491 a composite number?
False
Is 35509283 a prime number?
False
Is 14462787071 prime?
True
Is 28607174963 prime?
True
Is 1537508009 composite?
False
Is 8865508577 a composite number?
False
Is 14157043 a composite number?
True
Is 36216229615 a prime number?
False
Is 159505287647 a composite number?
False
Is 3061680067 prime?
False
Is 914165207 composite?
False
Is 29169939947 prime?
True
Is 764020091 prime?
True
Is 1790960699 prime?
False
Is 2532606457 a prime number?
True
Is 3212037935 composite?
True
Is 5482350721 prime?
True
Is 328996379 a prime number?
True
Is 26455661147 prime?
True
Is 8778703421 a prime number?
True
Is 1217999417 composite?
True
Is 71762977367 prime?
True
Is 1610362027 a prime number?
True
Is 353448451 a prime number?
False
Is 8823345781 prime?
True
Is 2674371307 prime?
True
Is 163546